9756 is divided by 211788.
24
Calculate the remainder when 19268084 is divided by 63591.
11
Calculate the remainder when 68085 is divided by 853.
698
Calculate the remainder when 154138 is divided by 210.
208
What is the remainder when 50697 is divided by 10077?
312
What is the remainder when 73988 is divided by 70992?
2996
Calculate the remainder when 48542333 is divided by 3990.
3983
Calculate the remainder when 286625 is divided by 847.
339
Calculate the remainder when 92276 is divided by 1215.
1151
Calculate the remainder when 23981936 is divided by 119.
104
Calculate the remainder when 512014 is divided by 60.
34
Calculate the remainder when 11277 is divided by 3504.
765
Calculate the remainder when 54172 is divided by 6001.
163
Calculate the remainder when 829952 is divided by 1159.
108
Calculate the remainder when 1971574 is divided by 5833.
20
What is the remainder when 2633995 is divided by 1199?
991
What is the remainder when 29019219 is divided by 542?
539
Calculate the remainder when 8025383 is divided by 1791.
1703
What is the remainder when 1452161 is divided by 42710?
21
What is the remainder when 2595178 is divided by 1297558?
62
What is the remainder when 24609508 is divided by 5930?
8
Calculate the remainder when 3713790 is divided by 326.
324
What is the remainder when 15365996 is divided by 480187?
12
Calculate the remainder when 5215358 is divided by 159.
158
What is the remainder when 426874 is divided by 3499?
3495
Calculate the remainder when 29265624 is divided by 5360.
24
What is the remainder when 3147443 is divided by 12742?
169
Calculate the remainder when 246747 is divided by 3228.
1419
Calculate the remainder when 243307388 is divided by 135.
128
What is the remainder when 266246 is divided by 472?
38
Calculate the remainder when 62049655 is divided by 7620.
7615
Calculate the remainder when 55811 is divided by 594.
569
Calculate the remainder when 38150 is divided by 706.
26
Calculate the remainder when 12921 is divided by 1347.
798
Calculate the remainder when 106855640 is divided by 577598.
10
Calculate the remainder when 253032509 is divided by 1913.
1912
What is the remainder when 111040848 is divided by 3751?
3746
Calculate the remainder when 121205 is divided by 4322.
189
What is the remainder when 44465231 is divided by 1656?
1631
Calculate the remainder when 7880810 is divided by 162.
158
Calculate the remainder when 6907601 is divided by 3453800.
1
What is the remainder when 1328562 is divided by 233?
229
What is the remainder when 254142 is divided by 11049?
15
What is the remainder when 76071114 is divided by 108?
18
Calculate the remainder when 2249986 is divided by 144.
130
What is the remainder when 312949205 is divided by 754?
751
What is the remainder when 1075174 is divided by 67?
25
What is the remainder when 1777440 is divided by 4923?
237
Calculate the remainder when 25215669 is divided by 3785.
3784
What is the remainder when 10239377 is divided by 176?
49
Calculate the remainder when 18327 is divided by 1123.
359
Calculate the remainder when 8204 is divided by 2542.
578
What is the remainder when 207490 is divided by 142?
28
Calculate the remainder when 230370 is divided by 23033.
40
Calculate the remainder when 379430 is divided by 3358.
3334
Calculate the remainder when 108228564 is divided by 2707.
2704
Calculate the remainder when 1271813 is divided by 42.
11
Calculate the remainder when 732876 is divided by 2900.
2076
What is the remainder when 164775 is divided by 1231?
1052
Calculate the remainder when 41130 is divided by 1624.
530
Calculate the remainder when 114932 is divided by 432.
20
Calculate the remainder when 348227 is divided by 24822.
719
Calculate the remainder when 39766045 is divided by 4059.
22
Calculate the remainder when 332483 is divided by 66450.
233
What is the remainder when 2796631537 is divided by 5799?
5797
What is the remainder when 400160515 is divided by 17?
14
Calculate the remainder when 3525286 is divided by 8620.
8326
What is the remainder when 433777827 is divided by 22?
21
Calculate the remainder when 30997872 is divided by 91.
87
What is the remainder when 4730766 is divided by 13141?
6
Calculate the remainder when 175588 is divided by 1157.
881
Calculate the remainder when 12620604 is divided by 2819.
2760
Calculate the remainder when 781187224 is divided by 260395740.
4
What is the remainder when 206093 is divided by 29067?
2624
What is the remainder when 3215427 is divided by 114827?
271
What is the remainder when 89711039 is divided by 2868?
2867
What is the remainder when 15845928 is divided by 27?
6
Calculate the remainder when 959963 is divided by 145.
63
What is the remainder when 518267 is divided by 129509?
231
Calculate the remainder when 59722 is divided by 3715.
282
Calculate the remainder when 11246762 is divided by 257.
185
Calculate the remainder when 2268841 is divided by 16.
9
Calculate the remainder when 492752 is divided by 3160.
2952
Calculate the remainder when 8843299 is divided by 1852.
1851
What is the remainder when 316226 is divided by 21079?
41
What is the remainder when 7853674 is divided by 12770?
124
Calculate the remainder when 293497 is divided by 146745.
7
Calculate the remainder when 4067069 is divided by 145252.
13
Calculate the remainder when 2110173 is divided by 311.
38
What is the remainder when 33344252 is divided by 11?
7
Calculate the remainder when 8329824 is divided by 4537.
4429
What is the remainder when 219697 is divided by 508?
241
Calculate the remainder when 42694 is divided by 1422.
34
Calculate the remainder when 4950006 is divided by 495000.
6
What is the remainder when 60721 is divided by 1826?
463
Calculate the remainder when 363516 is divided by 5048.
60
What is the remainder when 1653114 is divided by 4920?
4914
What is the remainder when 10880501 is divided by 138?
29
What is the remainder when 14834097 is divided by 15?
12
Calculate the remainder when 5987151 is divided by 96.
15
What is the remainder when 2253849 is divided by 3054?
3051
Calculate the remainder when 318963 is divided by 52909.
1509
What is the remainder when 3416721 is divided by 2151?
933
What is the remainder when 3770782 is divided by 1885387?
8
What is the remainder when 3497220 is divided by 26?
12
What is the remainder when 1637064 is divided by 5?
4
Calculate the remainder when 31587228 is divided by 53.
23
Calculate the remainder when 25354 is divided by 12652.
50
Calculate the remainder when 399141 is divided by 4789.
1654
Calculate the remainder when 19714335 is divided by 32.
31
What is the remainder when 901424 is divided by 131?
13
What is the remainder when 31949934 is divided by 29?
25
What is the remainder when 138713734 is divided by 644?
642
What is the remainder when 516762 is divided by 777?
57
What is the remainder when 45233 is divided by 6516?
6137
Calculate the remainder when 2616709 is divided by 333.
328
Calculate the remainder when 17078828 is divided by 52.
0
Calculate the remainder when 11040851 is divided by 580.
551
Calculate the remainder when 18165 is divided by 3043.
2950
What is the remainder when 67195711 is divided by 663?
661
Calculate the remainder when 4466938 is divided by 2179.
2167
What is the remainder when 414813 is divided by 6191?
16
Calculate the remainder when 566427 is divided by 51464.
323
What is the remainder when 4972584 is divided by 552501?
75
Calculate the remainder when 1126177 is divided by 124869.
2356
Calculate the remainder when 5960997 is divided by 47687.
122
Calculate the remainder when 611001 is divided by 6.
3
Calculate the remainder when 661486 is divided by 233.
232
What is the remainder when 335065 is divided by 4240?
105
Calculate the remainder when 42159352 is divided by 74.
72
Calculate the remainder when 357239 is divided by 25509.
113
Calculate the remainder when 4943035 is divided by 1216.
1211
Calculate the remainder when 9911232 is divided by 3944.
3904
Calculate the remainder when 1272380 is divided by 1129.
1126
What is the remainder when 1786426 is divided by 18?
16
Calculate the remainder when 88761747 is divided by 218.
213
What is the remainder when 6474784 is divided by 2158044?
652
Calculate the remainder when 935951 is divided by 472.